and 507?
39
What is the greatest common factor of 1159366996 and 6172?
6172
What is the highest common factor of 203 and 712414?
29
What is the highest common factor of 42167838 and 24?
6
What is the greatest common factor of 252 and 11185380?
36
What is the greatest common divisor of 69874314 and 39?
3
What is the highest common factor of 311527 and 13664?
61
Calculate the greatest common divisor of 152 and 5915308.
76
What is the greatest common factor of 2699668 and 204?
68
Calculate the highest common divisor of 52706 and 312987.
361
Calculate the greatest common divisor of 238 and 146361278.
14
What is the greatest common divisor of 12 and 73127972?
4
What is the greatest common factor of 153547 and 15844?
233
Calculate the highest common factor of 1328 and 5342.
2
What is the greatest common factor of 77043 and 2959209?
1263
Calculate the highest common factor of 225 and 1320175.
25
Calculate the highest common factor of 130 and 62482836.
26
What is the greatest common divisor of 2133002 and 146324?
314
What is the greatest common divisor of 99045 and 12555?
1395
Calculate the highest common factor of 481 and 189904.
13
What is the greatest common divisor of 10584 and 7395948?
756
What is the highest common factor of 78489 and 1824?
57
Calculate the greatest common divisor of 5696698 and 14.
14
Calculate the highest common divisor of 1953 and 6665806.
217
Calculate the greatest common factor of 11 and 5027781.
11
Calculate the greatest common divisor of 1053 and 8102952.
117
Calculate the highest common factor of 1444167380 and 20.
20
Calculate the highest common divisor of 98 and 645869.
49
What is the greatest common factor of 83787105 and 225?
15
Calculate the greatest common divisor of 10127851 and 113.
113
Calculate the greatest common factor of 55091841 and 77.
7
What is the highest common divisor of 822 and 170464442?
274
What is the highest common factor of 146832 and 52814832?
6384
What is the greatest common factor of 125 and 21404000?
125
What is the highest common divisor of 352500 and 4066875?
1875
Calculate the highest common factor of 604990 and 16820.
10
What is the highest common divisor of 25 and 951116250?
25
What is the highest common divisor of 5323032 and 266994?
234
What is the greatest common divisor of 175653 and 1943?
29
Calculate the greatest common divisor of 13183697 and 159.
53
What is the highest common divisor of 5112504 and 8208?
216
Calculate the highest common factor of 1129659 and 233691.
183
Calculate the greatest common factor of 3861842 and 20896.
1306
What is the highest common factor of 43498 and 3083339?
1673
Calculate the highest common factor of 5334100 and 779.
41
What is the greatest common factor of 4379046 and 72?
6
What is the greatest common factor of 510 and 45900340?
170
What is the highest common divisor of 1538500 and 188700?
1700
Calculate the greatest common factor of 23654304 and 276.
276
What is the highest common factor of 402330493 and 62?
31
Calculate the greatest common factor of 161 and 1957783.
23
Calculate the greatest common divisor of 3002 and 48126563.
1501
Calculate the greatest common divisor of 833 and 6153847.
119
What is the highest common divisor of 2 and 4964902?
2
Calculate the highest common divisor of 12306587 and 23.
23
What is the highest common factor of 98908 and 219304?
316
What is the greatest common divisor of 5712527 and 3349?
17
What is the highest common factor of 111028700 and 650?
50
What is the greatest common divisor of 912 and 65269275?
57
What is the highest common divisor of 90 and 1114806870?
90
Calculate the greatest common factor of 3570 and 8951010.
510
What is the highest common divisor of 4552 and 53304?
8
What is the highest common factor of 10372 and 33744?
4
Calculate the greatest common factor of 783 and 12671937.
27
Calculate the greatest common divisor of 3611 and 113235151.
157
Calculate the highest common divisor of 181185819 and 433.
433
Calculate the highest common factor of 1970875 and 3400.
25
Calculate the greatest common divisor of 376585 and 23651375.
9185
What is the highest common factor of 366 and 2166280312?
122
Calculate the highest common divisor of 130986 and 89547.
57
What is the greatest common factor of 64 and 6578996?
4
What is the greatest common factor of 118809440 and 2080?
160
What is the highest common divisor of 4891754 and 28?
14
What is the highest common divisor of 2259 and 1702926?
9
What is the highest common divisor of 31023017 and 21495?
1433
Calculate the highest common divisor of 321676624 and 1264.
1264
What is the greatest common divisor of 2374680 and 106655?
1285
What is the greatest common factor of 9386 and 1248598?
26
Calculate the greatest common factor of 588 and 41306118.
294
Calculate the greatest common factor of 344945112 and 24.
24
What is the highest common divisor of 102853 and 7279847?
631
Calculate the greatest common factor of 1310864 and 36.
4
What is the highest common factor of 15936 and 5270369856?
15936
What is the highest common factor of 2 and 10445566?
2
Calculate the greatest common factor of 648 and 217416.
24
Calculate the highest common factor of 1542 and 7548.
6
What is the highest common divisor of 7061 and 34247?
23
Calculate the greatest common divisor of 6188 and 2840513.
221
What is the highest common factor of 48 and 82033584?
48
Calculate the greatest common factor of 65 and 6660485.
65
What is the highest common factor of 5607 and 1716543?
801
Calculate the greatest common divisor of 12087823 and 1478.
739
Calculate the highest common divisor of 583898 and 274474.
466
Calculate the highest common factor of 24 and 103044228.
12
What is the highest common divisor of 50864724 and 18784?
2348
Calculate the greatest common divisor of 23858816 and 128.
128
Calculate the greatest common factor of 5010 and 3972095.
835
What is the greatest common divisor of 35136240 and 186?
6
Calculate the highest common factor of 53850 and 6522312.
2154
What is the highest common divisor of 8 and 12274228?
4
Calculate the highest common divisor of 16548 and 41496.
84
What is the highest common divisor of 1118 and 278824728?
1118
Calculate the highest common factor of 2934 and 32568867.
1467
Calculate the highest common divisor of 9394 and 1308316471.
4697
Calculate the greatest common divisor of 2147 and 1072822.
113
What is the greatest common divisor of 2685919 and 35312?
2207
What is the greatest common factor of 6957905 and 10?
5
Calculate the greatest common divisor of 53842 and 738.
2
Calculate the greatest common factor of 4043 and 361763597.
4043
What is the greatest common divisor of 38321492 and 666?
74
Calculate the greatest common factor of 1353 and 955317.
33
Calculate the highest common divisor of 1548557 and 56769.
149
Calculate the greatest common divisor of 12316318 and 38458.
574
What is the highest common factor of 1547 and 1122017?
221
Calculate the highest common factor of 350412 and 456.
12
Calculate the greatest common divisor of 24362 and 357934.
1874
Calculate the highest common divisor of 3034 and 1485254.
74
What is the highest common factor of 126 and 9870602?
14
What is the highest common divisor of 6039994 and 70927?
3733
What is the highest common divisor of 2890538 and 4?
2
What is the greatest common divisor of 282781 and 327352?
83
Calculate the highest common divisor of 6170 and 12565822.
1234
Calculate the greatest common divisor of 53824 and 881600.
1856
Calculate the highest common divisor of 522875 and 134749.
47
What is the greatest common divisor of 57891135 and 7137?
183
Calculate the greatest common divisor of 1653 and 1035804.
57
Calculate the highest common factor of 4158677 and 872.
109
What is the highest common divisor of 6 and 1583706?
6
What is the highest common divisor of 9148020 and 255?
15
What is the greatest common factor of 40008 and 811?
1
What is the greatest common divisor of 465 and 12392250?
465
Calculate the highest common factor of 2967558 and 5478.
66
What is the greatest common divisor of 11031 and 3459?
3
What is the greatest common factor of 41216 and 55867?
161
Calculate the highest common divisor of 17710 and 60145.
115
What is the greatest common divisor of 541179 and 969318?
1413
Calculate the highest comm